[INFO] cloning repository https://github.com/ezracelli/rurl
[INFO] running `Command { std: "git" "-c" "credential.helper=" "-c" "credential.helper=/workspace/cargo-home/bin/git-credential-null" "clone" "--bare" "https://github.com/ezracelli/rurl" "/workspace/cache/git-repos/https%3A%2F%2Fgithub.com%2Fezracelli%2Frurl", kill_on_drop: false }`
[INFO] [stderr] Cloning into bare repository '/workspace/cache/git-repos/https%3A%2F%2Fgithub.com%2Fezracelli%2Frurl'...
[INFO] running `Command { std: "git" "rev-parse" "HEAD", kill_on_drop: false }`
[INFO] [stdout] c0114e95e33e1b5ed576622fc019c899fd1ca2c0
[INFO] checking ezracelli/rurl against try#72f88fc4e9458f89516a0b8b0868f3718aec5b47 for pr-74989
[INFO] running `Command { std: "git" "clone" "/workspace/cache/git-repos/https%3A%2F%2Fgithub.com%2Fezracelli%2Frurl" "/workspace/builds/worker-6/source", kill_on_drop: false }`
[INFO] [stderr] Cloning into '/workspace/builds/worker-6/source'...
[INFO] [stderr] done.
[INFO] validating manifest of git repo https://github.com/ezracelli/rurl on toolchain 72f88fc4e9458f89516a0b8b0868f3718aec5b47
[INFO] running `Command { std: "/workspace/cargo-home/bin/cargo" "+72f88fc4e9458f89516a0b8b0868f3718aec5b47" "read-manifest" "--manifest-path" "Cargo.toml", kill_on_drop: false }`
[INFO] started tweaking git repo https://github.com/ezracelli/rurl
[INFO] removed path dependency mime from git repo https://github.com/ezracelli/rurl
[INFO] finished tweaking git repo https://github.com/ezracelli/rurl
[INFO] tweaked toml for git repo https://github.com/ezracelli/rurl written to /workspace/builds/worker-6/source/Cargo.toml
[INFO] crate git repo https://github.com/ezracelli/rurl already has a lockfile, it will not be regenerated
[INFO] running `Command { std: "/workspace/cargo-home/bin/cargo" "+72f88fc4e9458f89516a0b8b0868f3718aec5b47" "fetch" "--locked" "--manifest-path" "Cargo.toml", kill_on_drop: false }`
[INFO] [stderr] warning: dependency (mime) specified without providing a local path, Git repository, or version to use. This will be considered an error in future versions
[INFO] [stderr]     Updating crates.io index
[INFO] [stderr] error: the lock file /workspace/builds/worker-6/source/Cargo.lock needs to be updated but --locked was passed to prevent this
[INFO] [stderr] If you want to try to generate the lock file without accessing the network, use the --offline flag.
[INFO] the lockfile is outdated, regenerating it
[INFO] running `Command { std: "/workspace/cargo-home/bin/cargo" "+72f88fc4e9458f89516a0b8b0868f3718aec5b47" "generate-lockfile" "--manifest-path" "Cargo.toml" "-Zno-index-update", kill_on_drop: false }`
[INFO] [stderr]     Blocking waiting for file lock on package cache
[INFO] running `Command { std: "/workspace/cargo-home/bin/cargo" "+72f88fc4e9458f89516a0b8b0868f3718aec5b47" "fetch" "--locked" "--manifest-path" "Cargo.toml", kill_on_drop: false }`
[INFO] [stderr] warning: dependency (mime) specified without providing a local path, Git repository, or version to use. This will be considered an error in future versions
[INFO] [stderr]     Blocking waiting for file lock on package cache
[INFO] [stderr]  Downloading crates ...
[INFO] [stderr]   Downloaded line-wrap v0.1.1
[INFO] [stderr]   Downloaded plist v1.0.0
[INFO] [stderr]   Downloaded clang-sys v1.0.0
[INFO] [stderr]   Downloaded json v0.12.4
[INFO] [stderr]   Downloaded onig v6.1.0
[INFO] [stderr]   Downloaded bindgen v0.55.1
[INFO] [stderr]   Downloaded onig_sys v69.5.1
[INFO] [stderr]   Downloaded syntect v4.4.0
[INFO] running `Command { std: "docker" "create" "-v" "/var/lib/crater-agent-workspace/builds/worker-6/target:/opt/rustwide/target:rw,Z" "-v" "/var/lib/crater-agent-workspace/builds/worker-6/source:/opt/rustwide/workdir:ro,Z" "-v" "/var/lib/crater-agent-workspace/cargo-home:/opt/rustwide/cargo-home:ro,Z" "-v" "/var/lib/crater-agent-workspace/rustup-home:/opt/rustwide/rustup-home:ro,Z" "-e" "SOURCE_DIR=/opt/rustwide/workdir" "-e" "CARGO_TARGET_DIR=/opt/rustwide/target" "-e" "CARGO_HOME=/opt/rustwide/cargo-home" "-e" "RUSTUP_HOME=/opt/rustwide/rustup-home" "-w" "/opt/rustwide/workdir" "-m" "1610612736" "--user" "0:0" "--network" "none" "rustops/crates-build-env@sha256:d92eaeed33fa75130ca1ee6c8a01d1ffb62bac859dfdfb3450e3e5d1c0146529" "/opt/rustwide/cargo-home/bin/cargo" "+72f88fc4e9458f89516a0b8b0868f3718aec5b47" "metadata" "--no-deps" "--format-version=1", kill_on_drop: false }`
[INFO] [stdout] dc9b85a3048b1be7fd5629ff68aea7fc6368d3c3fca27d1cda3c6c6c636692a9
[INFO] [stderr] WARNING: Your kernel does not support swap limit capabilities or the cgroup is not mounted. Memory limited without swap.
[INFO] running `Command { std: "docker" "start" "-a" "dc9b85a3048b1be7fd5629ff68aea7fc6368d3c3fca27d1cda3c6c6c636692a9", kill_on_drop: false }`
[INFO] running `Command { std: "docker" "inspect" "dc9b85a3048b1be7fd5629ff68aea7fc6368d3c3fca27d1cda3c6c6c636692a9", kill_on_drop: false }`
[INFO] running `Command { std: "docker" "rm" "-f" "dc9b85a3048b1be7fd5629ff68aea7fc6368d3c3fca27d1cda3c6c6c636692a9", kill_on_drop: false }`
[INFO] [stdout] dc9b85a3048b1be7fd5629ff68aea7fc6368d3c3fca27d1cda3c6c6c636692a9
[INFO] running `Command { std: "docker" "create" "-v" "/var/lib/crater-agent-workspace/builds/worker-6/target:/opt/rustwide/target:rw,Z" "-v" "/var/lib/crater-agent-workspace/builds/worker-6/source:/opt/rustwide/workdir:ro,Z" "-v" "/var/lib/crater-agent-workspace/cargo-home:/opt/rustwide/cargo-home:ro,Z" "-v" "/var/lib/crater-agent-workspace/rustup-home:/opt/rustwide/rustup-home:ro,Z" "-e" "SOURCE_DIR=/opt/rustwide/workdir" "-e" "CARGO_TARGET_DIR=/opt/rustwide/target" "-e" "CARGO_INCREMENTAL=0" "-e" "RUST_BACKTRACE=full" "-e" "RUSTFLAGS=--cap-lints=forbid" "-e" "CARGO_HOME=/opt/rustwide/cargo-home" "-e" "RUSTUP_HOME=/opt/rustwide/rustup-home" "-w" "/opt/rustwide/workdir" "-m" "1610612736" "--user" "0:0" "--network" "none" "rustops/crates-build-env@sha256:d92eaeed33fa75130ca1ee6c8a01d1ffb62bac859dfdfb3450e3e5d1c0146529" "/opt/rustwide/cargo-home/bin/cargo" "+72f88fc4e9458f89516a0b8b0868f3718aec5b47" "check" "--frozen" "--all" "--all-targets" "--message-format=json", kill_on_drop: false }`
[INFO] [stdout] 1616715bb537b750c59e6385926eb033403976226e3ef5d234628ef234390358
[INFO] [stderr] WARNING: Your kernel does not support swap limit capabilities or the cgroup is not mounted. Memory limited without swap.
[INFO] running `Command { std: "docker" "start" "-a" "1616715bb537b750c59e6385926eb033403976226e3ef5d234628ef234390358", kill_on_drop: false }`
[INFO] [stderr] warning: dependency (mime) specified without providing a local path, Git repository, or version to use. This will be considered an error in future versions
[INFO] [stderr]    Compiling libc v0.2.77
[INFO] [stderr]    Compiling proc-macro2 v1.0.21
[INFO] [stderr]    Compiling version_check v0.9.2
[INFO] [stderr]    Compiling log v0.4.11
[INFO] [stderr]    Compiling memchr v2.3.3
[INFO] [stderr]    Compiling autocfg v1.0.1
[INFO] [stderr]    Compiling syn v1.0.40
[INFO] [stderr]     Checking cfg-if v0.1.10
[INFO] [stderr]    Compiling bitflags v1.2.1
[INFO] [stderr]    Compiling glob v0.3.0
[INFO] [stderr]    Compiling libloading v0.6.3
[INFO] [stderr]     Checking lazy_static v1.4.0
[INFO] [stderr]    Compiling quick-error v1.2.3
[INFO] [stderr]    Compiling unicode-width v0.1.8
[INFO] [stderr]    Compiling regex-syntax v0.6.18
[INFO] [stderr]    Compiling strsim v0.8.0
[INFO] [stderr]    Compiling vec_map v0.8.2
[INFO] [stderr]    Compiling termcolor v1.1.0
[INFO] [stderr]    Compiling bindgen v0.55.1
[INFO] [stderr]    Compiling ansi_term v0.11.0
[INFO] [stderr]    Compiling serde v1.0.116
[INFO] [stderr]    Compiling shlex v0.1.1
[INFO] [stderr]    Compiling pin-project-internal v0.4.23
[INFO] [stderr]    Compiling peeking_take_while v0.1.2
[INFO] [stderr]     Checking bytes v0.5.6
[INFO] [stderr]    Compiling lazycell v1.3.0
[INFO] [stderr]     Checking itoa v0.4.6
[INFO] [stderr]    Compiling rustc-hash v1.1.0
[INFO] [stderr]    Compiling pkg-config v0.3.18
[INFO] [stderr]     Checking arc-swap v0.4.7
[INFO] [stderr]     Checking hashbrown v0.9.0
[INFO] [stderr]    Compiling cc v1.0.59
[INFO] [stderr]     Checking pin-project-lite v0.1.7
[INFO] [stderr]    Compiling byteorder v1.3.4
[INFO] [stderr]    Compiling serde_derive v1.0.116
[INFO] [stderr]     Checking futures-task v0.3.5
[INFO] [stderr]     Checking safemem v0.3.3
[INFO] [stderr]     Checking adler v0.2.3
[INFO] [stderr]    Compiling serde_json v1.0.57
[INFO] [stderr]     Checking try-lock v0.2.3
[INFO] [stderr]     Checking tower-service v0.3.0
[INFO] [stderr]     Checking mime v0.3.16
[INFO] [stderr]     Checking tracing-core v0.1.16
[INFO] [stderr]    Compiling textwrap v0.11.0
[INFO] [stderr]    Compiling thread_local v1.0.1
[INFO] [stderr]    Compiling humantime v1.3.0
[INFO] [stderr]     Checking futures-channel v0.3.5
[INFO] [stderr]    Compiling nom v5.1.2
[INFO] [stderr]    Compiling proc-macro-error-attr v1.0.4
[INFO] [stderr]    Compiling proc-macro-error v1.0.4
[INFO] [stderr]    Compiling httparse v1.3.4
[INFO] [stderr]    Compiling num-traits v0.2.12
[INFO] [stderr]    Compiling indexmap v1.6.0
[INFO] [stderr]    Compiling num-integer v0.1.43
[INFO] [stderr]    Compiling miniz_oxide v0.4.2
[INFO] [stderr]     Checking http v0.2.1
[INFO] [stderr]    Compiling clang-sys v1.0.0
[INFO] [stderr]     Checking line-wrap v0.1.1
[INFO] [stderr]     Checking crc32fast v1.2.0
[INFO] [stderr]     Checking tracing v0.1.19
[INFO] [stderr]     Checking want v0.3.0
[INFO] [stderr]    Compiling aho-corasick v0.7.13
[INFO] [stderr]    Compiling quote v1.0.7
[INFO] [stderr]    Compiling atty v0.2.14
[INFO] [stderr]    Compiling which v3.1.1
[INFO] [stderr]    Compiling clap v2.33.3
[INFO] [stderr]     Checking net2 v0.2.35
[INFO] [stderr]     Checking iovec v0.1.4
[INFO] [stderr]     Checking signal-hook-registry v1.2.1
[INFO] [stderr]     Checking num_cpus v1.13.0
[INFO] [stderr]     Checking socket2 v0.3.15
[INFO] [stderr]     Checking time v0.1.44
[INFO] [stderr]     Checking flate2 v1.0.17
[INFO] [stderr]     Checking mio v0.6.22
[INFO] [stderr]    Compiling regex v1.3.9
[INFO] [stderr]     Checking chrono v0.4.15
[INFO] [stderr]     Checking mio-uds v0.6.8
[INFO] [stderr]     Checking http-body v0.3.1
[INFO] [stderr]    Compiling cexpr v0.4.0
[INFO] [stderr]    Compiling env_logger v0.7.1
[INFO] [stderr]     Checking plist v1.0.0
[INFO] [stderr]     Checking bincode v1.3.1
[INFO] [stderr]    Compiling tokio-macros v0.2.5
[INFO] [stderr]    Compiling thiserror-impl v1.0.20
[INFO] [stderr]    Compiling structopt-derive v0.4.10
[INFO] [stderr]     Checking tokio v0.2.22
[INFO] [stderr]     Checking thiserror v1.0.20
[INFO] [stderr]     Checking pin-project v0.4.23
[INFO] [stderr]     Checking futures-util v0.3.5
[INFO] [stderr]     Checking structopt v0.3.17
[INFO] [stderr]    Compiling onig_sys v69.5.1
[INFO] [stderr]     Checking tokio-util v0.3.1
[INFO] [stderr]     Checking h2 v0.2.6
[INFO] [stderr]     Checking hyper v0.13.7
[INFO] [stderr]     Checking onig v6.1.0
[INFO] [stderr]     Checking syntect v4.4.0
[INFO] [stderr]     Checking rurl v0.1.0 (/opt/rustwide/workdir)
[INFO] [stdout] error[E0425]: cannot find value `APPLICATION_WWW_FORM_URLENCODED_UTF_8` in crate `mime`
[INFO] [stdout]    --> src/main.rs:312:35
[INFO] [stdout]     |
[INFO] [stdout] 312 |   ...                   mime::APPLICATION_WWW_FORM_URLENCODED_UTF_8.to_string(),
[INFO] [stdout]     |                               ^^^^^^^^^^^^^^^^^^^^^^^^^^^^^^^^^^^^^ help: a constant with a similar name exists: `APPLICATION_WWW_FORM_URLENCODED`
[INFO] [stdout]     | 
[INFO] [stdout]    ::: /opt/rustwide/cargo-home/registry/src/github.com-1ecc6299db9ec823/mime-0.3.16/src/lib.rs:739:1
[INFO] [stdout]     |
[INFO] [stdout] 739 | / mimes! {
[INFO] [stdout] 740 | |     STAR_STAR, "*/*", 1;
[INFO] [stdout] 741 | |
[INFO] [stdout] 742 | |     TEXT_STAR, "text/*", 4;
[INFO] [stdout] ...   |
[INFO] [stdout] 776 | |     MULTIPART_FORM_DATA, "multipart/form-data", 9;
[INFO] [stdout] 777 | | }
[INFO] [stdout]     | |_- similarly named constant `APPLICATION_WWW_FORM_URLENCODED` defined here
[INFO] [stdout] 
[INFO] [stdout] 
[INFO] [stdout] error[E0412]: cannot find type `MediaType` in crate `mime`
[INFO] [stdout]    --> src/main.rs:400:29
[INFO] [stdout]     |
[INFO] [stdout] 400 |             let mime: mime::MediaType = std::str::from_utf8(header.as_ref())?.parse()?;
[INFO] [stdout]     |                             ^^^^^^^^^ not found in `mime`
[INFO] [stdout] 
[INFO] [stdout] 
[INFO] [stdout] error[E0425]: cannot find value `APPLICATION_WWW_FORM_URLENCODED_UTF_8` in crate `mime`
[INFO] [stdout]    --> src/main.rs:312:35
[INFO] [stdout]     |
[INFO] [stdout] 312 |   ...                   mime::APPLICATION_WWW_FORM_URLENCODED_UTF_8.to_string(),
[INFO] [stdout]     |                               ^^^^^^^^^^^^^^^^^^^^^^^^^^^^^^^^^^^^^ help: a constant with a similar name exists: `APPLICATION_WWW_FORM_URLENCODED`
[INFO] [stdout]     | 
[INFO] [stdout]    ::: /opt/rustwide/cargo-home/registry/src/github.com-1ecc6299db9ec823/mime-0.3.16/src/lib.rs:739:1
[INFO] [stdout]     |
[INFO] [stdout] 739 | / mimes! {
[INFO] [stdout] 740 | |     STAR_STAR, "*/*", 1;
[INFO] [stdout] 741 | |
[INFO] [stdout] 742 | |     TEXT_STAR, "text/*", 4;
[INFO] [stdout] ...   |
[INFO] [stdout] 776 | |     MULTIPART_FORM_DATA, "multipart/form-data", 9;
[INFO] [stdout] 777 | | }
[INFO] [stdout]     | |_- similarly named constant `APPLICATION_WWW_FORM_URLENCODED` defined here
[INFO] [stdout] 
[INFO] [stdout] 
[INFO] [stdout] error[E0412]: cannot find type `MediaType` in crate `mime`
[INFO] [stdout]    --> src/main.rs:400:29
[INFO] [stdout]     |
[INFO] [stdout] 400 |             let mime: mime::MediaType = std::str::from_utf8(header.as_ref())?.parse()?;
[INFO] [stdout]     |                             ^^^^^^^^^ not found in `mime`
[INFO] [stdout] 
[INFO] [stdout] 
[INFO] [stdout] error: aborting due to 2 previous errors
[INFO] [stdout] 
[INFO] [stdout] 
[INFO] [stdout] Some errors have detailed explanations: E0412, E0425.
[INFO] [stdout] 
[INFO] [stdout] For more information about an error, try `rustc --explain E0412`.
[INFO] [stdout] 
[INFO] [stderr] error: could not compile `rurl`.
[INFO] [stderr] 
[INFO] [stderr] To learn more, run the command again with --verbose.
[INFO] [stderr] warning: build failed, waiting for other jobs to finish...
[INFO] [stdout] error: aborting due to 2 previous errors
[INFO] [stdout] 
[INFO] [stdout] 
[INFO] [stdout] Some errors have detailed explanations: E0412, E0425.
[INFO] [stdout] 
[INFO] [stdout] For more information about an error, try `rustc --explain E0412`.
[INFO] [stdout] 
[INFO] [stderr] error: build failed
[INFO] running `Command { std: "docker" "inspect" "1616715bb537b750c59e6385926eb033403976226e3ef5d234628ef234390358", kill_on_drop: false }`
[INFO] running `Command { std: "docker" "rm" "-f" "1616715bb537b750c59e6385926eb033403976226e3ef5d234628ef234390358", kill_on_drop: false }`
[INFO] [stdout] 1616715bb537b750c59e6385926eb033403976226e3ef5d234628ef234390358
